 59624507
What are the prime factors of 617112616?
2, 233, 251, 1319
What are the prime factors of 955594678?
2, 10973, 43543
What are the prime factors of 43202317?
43202317
List the prime factors of 528925399.
1553, 340583
What are the prime factors of 906378331?
906378331
List the prime factors of 27307877.
23, 173, 6863
What are the prime factors of 3172029426?
2, 3, 83, 587, 3617
List the prime factors of 866743580.
2, 5, 2213, 19583
What are the prime factors of 63032975?
5, 19, 132701
What are the prime factors of 46353318?
2, 3, 11, 702323
List the prime factors of 1967180326.
2, 3041, 323443
What are the prime factors of 3078301123?
79, 443, 87959
What are the prime factors of 21024959?
21024959
List the prime factors of 27626611.
23, 31, 38747
List the prime factors of 5903655954.
2, 3, 7, 2579, 54503
What are the prime factors of 72162638?
2, 23, 991, 1583
What are the prime factors of 273894866?
2, 7, 19563919
List the prime factors of 59447191.
5573, 10667
What are the prime factors of 243561856?
2, 17, 173, 647
List the prime factors of 1904800307.
6997, 272231
What are the prime factors of 23034961?
29, 337, 2357
List the prime factors of 241564425.
3, 5, 3220859
What are the prime factors of 484239241?
71, 137, 49783
What are the prime factors of 119618870?
2, 5, 7, 19, 89939
List the prime factors of 106828141.
7, 29, 61, 8627
What are the prime factors of 4009645?
5, 79, 10151
List the prime factors of 58482404.
2, 331, 44171
List the prime factors of 227978030.
2, 5, 7, 31, 3389
List the prime factors of 474446700.
2, 3, 5, 7, 13, 1931
What are the prime factors of 2502573869?
2502573869
What are the prime factors of 44635340?
2, 5, 2231767
List the prime factors of 39631153.
39631153
What are the prime factors of 126995392?
2, 19, 181, 577
What are the prime factors of 43438596?
2, 3, 3619883
What are the prime factors of 935970071?
17, 55057063
What are the prime factors of 326355655?
5, 65271131
List the prime factors of 10125614.
2, 317, 15971
List the prime factors of 433914591.
3, 11, 43, 27799
What are the prime factors of 57659665?
5, 7, 17, 96907
List the prime factors of 254667068.
2, 6829, 9323
What are the prime factors of 1245239453?
683, 1823191
What are the prime factors of 69725228?
2, 17, 173, 5927
List the prime factors of 119341172.
2, 29835293
List the prime factors of 184253963.
19, 1051, 9227
List the prime factors of 603868259.
603868259
What are the prime factors of 151022355?
3, 5, 11, 19, 67, 719
List the prime factors of 435353950.
2, 5, 47, 61, 3037
What are the prime factors of 76384759?
11, 57389
What are the prime factors of 138741249?
3, 19, 29, 83933
What are the prime factors of 49240292?
2, 12310073
List the prime factors of 15217100.
2, 5, 19, 8009
List the prime factors of 1334896567.
283, 4716949
What are the prime factors of 2202347797?
13, 169411369
List the prime factors of 68522533.
68522533
What are the prime factors of 1328563594?
2, 664281797
What are the prime factors of 307389406?
2, 153694703
What are the prime factors of 125457280?
2, 5, 13, 17, 887
List the prime factors of 203359353.
3, 23, 467, 6311
What are the prime factors of 2587487426?
2, 3947, 327779
What are the prime factors of 856017548?
2, 59, 107, 109, 311
List the prime factors of 143613135.
3, 5, 877, 1213
List the prime factors of 46120241.
37, 59, 571
List the prime factors of 121474459.
557, 218087
What are the prime factors of 2205661756?
2, 551415439
What are the prime factors of 1588966490?
2, 5, 158896649
What are the prime factors of 63511122?
2, 3, 2503, 4229
What are the prime factors of 9756704?
2, 304897
List the prime factors of 223791910.
2, 5, 17, 37, 47, 757
List the prime factors of 132686154.
2, 3, 797, 3083
List the prime factors of 445509347.
89, 631, 7933
List the prime factors of 547883795.
5, 227, 482717
List the prime factors of 40604702.
2, 409, 49639
What are the prime factors of 2215160478?
2, 3, 47, 167, 15679
List the prime factors of 348380074.
2, 7, 29, 47, 18257
List the prime factors of 35569243.
35569243
List the prime factors of 4383858695.
5, 19, 53, 239, 3643
What are the prime factors of 620373447?
3, 68930383
What are the prime factors of 64508749?
457, 141157
List the prime factors of 90558788.
2, 19, 1191563
List the prime factors of 75783018.
2, 3, 2593, 4871
What are the prime factors of 17680055?
5, 1087, 3253
What are the prime factors of 452410596?
2, 3, 11, 17, 19, 131
List the prime factors of 49231620.
2, 3, 5, 479, 571
What are the prime factors of 2589263?
19, 136277
What are the prime factors of 113965914?
2, 3, 19, 107, 9343
List the prime factors of 392973152.
2, 11, 13, 37, 211
List the prime factors of 22368725.
5, 894749
List the prime factors of 106915816.
2, 7, 439, 4349
List the prime factors of 224748395.
5, 2293, 19603
What are the prime factors of 72771359?
271, 268529
List the prime factors of 615022898.
2, 7, 23, 1910009
List the prime factors of 2020116614.
2, 1709, 591023
List the prime factors of 99249792.
2, 3, 131, 1973
What are the prime factors of 2761355167?
2761355167
What are the prime factors of 507027551?
4877, 103963
List the prime factors of 38753819.
13, 2981063
What are the prime factors of 3243659852?
2, 16111, 50333
List the prime factors of 51112748.
2, 12778187
What are the prime factors of 291748131?
3, 32416459
List the prime factors of 22868768.
2, 13, 54973
What are the prime factors of 40039818?
2, 3, 7, 13, 5641
List the prime factors of 74964891.
3, 24988297
What are the prime factors of 23058696?
2, 3, 23, 37, 1129
What are the prime factors of 281065033?
281065033
What are the prime factors of 1559998883?
1031, 1513093
What are the prime factors of 2881820476?
2, 101, 7133219
List the prime factors of 50976621.
3, 629341
List the prime factors of 47818242.
2, 3, 23, 38501
List the prime factors of 29136092.
2, 7284023
List the prime factors of 1720545088.
2, 26883517
What are the prime factors of 923087883?
3, 307695961
What are the prime factors of 52056783?
3, 1928029
List the prime factors of 1272431962.
2, 911, 698371
List the prime factors of 797939331.
3, 7, 37997111
List the prime factors of 736038869.
43, 17117183
What are the prime factors of 21127995?
3, 5, 7, 67073
List the prime factors of 296666298.
2, 3, 877, 18793
What are the prime factors of 99144516?
2, 3, 8262043
List the prime factors of 651909511.
11, 59264501
What are the prime factors of 397947671?
11, 43, 841327
List the prime factors of 29675913.
3, 239, 41389
List the prime factors of 171949443.
3, 57316481
What are the prime factors of 146226642?
2, 3, 29, 181, 4643
List the prime factors of 76233629.
6449, 11821
List the prime factors of 913914922.
2, 456957461
List the prime factors of 1460713194.
2, 3, 3919, 20707
What are the prime factors of 7299572549?
7299572549
What are the prime factors of 125232695?
5, 7, 61, 58657
What are the prime factors of 945599764?
2, 139, 1700719
List the prime factors of 542343061.
13, 17, 73, 33617
What are the prime factors of 15473887?
11, 13, 241, 449
List the prime factors of 17088729.
3, 7, 813749
List the prime factors of 22342465.
5, 4468493
What are the prime factors of 580711846?
2, 11, 13, 2030461
List the prime factors of 207873361.
11813, 17597
List the prime factors of 20800534.
2, 10400267
What are the prime factors of 1981491350?
2, 5, 1291, 30697
List the prime factors of 2009428704.
2, 3, 6977183
List the prime factors of 42954575.
5, 83, 127, 163
What are the prime factors of 306648425?
5, 1951, 6287
What are the prime factors of 2148641?
11, 31, 6301
List the prime factors of 5938096034.
2, 13, 37, 6172657
List the prime factors of 459718036.
2, 139, 826831
List the prime factors of 69049504.
2, 2157797
List the prime factors of 172037999.
7, 23, 1068559
What are the prime factors of 2093132623?
29, 72176987
List the prime factors of 4530687517.
4530687517
What are the prime factors of 255955751?
37, 6917723
What are the prime factors of 2321148626?
2, 1783, 650911
List the prime factors of 158138926.
2, 11, 47, 152939
What are the prime factors of 32298106?
2, 16149053
List the prime factors of 45729464.
2, 11, 31, 16763
What are the prime factors of 287869768?
2, 37, 972533
List t